b be n(5). Suppose -b = -3*v + 3*s - 2*s, 5*v + 4*s - 129 = 0. Suppose -5*i = -16 - v. What is the units digit of i?
9
Let o(q) = 187*q**2 + q + 1. What is the hundreds digit of o(-1)?
1
Let s(v) = v + 14. Let f be s(-8). Suppose -3*p + f*p = 6. Suppose 5*j - p - 3 = 0. What is the units digit of j?
1
Suppose z = 2*z - 48. What is the tens digit of z?
4
Suppose 11*q - 8*q + w = 416, -138 = -q - w. What is the hundreds digit of q?
1
Let v be 5*(11/(-5) + -3). Let a = 40 + v. What is the tens digit of a?
1
Suppose -8 + 9 = k. What is the units digit of k?
1
Let j(h) = -h**2 + 2*h + 4. Let f be j(3). Let l be (-4)/(f + 0 - 2). Suppose -z - 4*x + 8 + 7 = 0, 43 = l*z - x. What is the units digit of z?
1
Suppose -2*p - 12 = -0*p. Let x(j) = j**2 + 4*j - 6. What is the units digit of x(p)?
6
Let w(r) be the third derivative of -r**4/24 - r**3/2 + 2*r**2. Let g be w(-5). What is the units digit of (-5)/4*g*-2?
5
Let t(m) = 3*m - 20. What is the units digit of t(17)?
1
Suppose 5*u = -7*u + 2256. What is the hundreds digit of u?
1
Let c be (6/(-5))/((-3)/20). Suppose 2*x = -4 - c. What is the tens digit of ((-2)/x)/(3/153)?
1
Suppose -7*o = -3*o + 16. Let t = 12 - o. What is the tens digit of t?
1
Let z(i) = i**3 + 11*i**2 + 11*i - 12. Let a be z(-9). Suppose -4*g + a = -g. What is the units digit of g?
7
Let p = 3 + 1. Suppose 5*i = p*o - 0*o + 56, 0 = -2*o + 2. What is the tens digit of i?
1
Let w be (2 - -24)/(1 - 3). What is the units digit of (0 + (-3 - -2))*w?
3
Let p = 12 - 9. Let a be 2*(-1)/p*-6. Suppose -a*n = -6*n + 6. What is the units digit of n?
3
Suppose -5 = 2*f - 15. Suppose -4*o + 6*m = 4*m - 132, -5*m = -f*o + 160. What is the units digit of o?
4
Let p = 170 - 136. What is the tens digit of p?
3
What is the units digit of (-6)/(-2) - 2/(-2)?
4
Let x(w) = 2*w**2 - 4*w + 1. What is the units digit of x(-5)?
1
Let z be (16/1 - -1) + 2. Let q = z + -13. What is the units digit of q?
6
Let t(u) be the first derivative of u**4/4 - 8*u**3/3 - 9*u**2/2 + u - 5. What is the units digit of t(9)?
1
Let d be -10*(-1 - (-9)/15). Suppose 2*j = j + 14. What is the units digit of 207/63 - d/j?
3
Let b(k) = 17*k - 2. Let d(z) = 8*z - 1. Let a(x) = -4*b(x) + 9*d(x). What is the units digit of a(5)?
9
Let y(i) = i**2 + 11*i + 9. Let x be y(-10). Let k = x - 0. What is the units digit of 16/2*k/(-2)?
4
Suppose 3*n - 4*p = 97, 103 = 5*n - 3*n + 5*p. What is the tens digit of n?
3
Suppose 16 + 4 = 5*r. Suppose 4*x - 4*i = 100, 2*x + 38 = r*x + 2*i. What is the tens digit of x?
2
Let m = -5 + 8. Suppose -m*d + 0 + 3 = 0. What is the units digit of d?
1
Let z = 16 - 11. Suppose -h + 3*w - 4 = w, h - z*w + 16 = 0. What is the units digit of h?
4
Suppose -2*d + 8 = 0, 4*q = 2*d + 8 - 4. Let k = 10 - 6. What is the tens digit of (1 - q)*(-22)/k?
1
Let g be (-3 - 9)*(-1 - 0). Suppose 0 = 3*w - g - 15. What is the units digit of w?
9
Suppose -5*x = -2*x - 87. What is the tens digit of x?
2
Suppose 0*m - 12 = -3*m. Let z = -2 + m. What is the units digit of ((-5)/z)/5*-6?
3
Suppose i = -7*b + 2*b + 16, 3*b = -5*i - 30. Let m(j) be the second derivative of -j**3/6 - j**2 - j. What is the units digit of m(i)?
7
Let x(m) = -m**2 + 21*m - 11. Let k be x(9). Suppose -k + 302 = 5*p. What is the tens digit of p?
4
What is the tens digit of ((-3)/3)/((-2)/66)?
3
Suppose -2*f = -f - 2. Suppose 3*n - 75 = 5*r - f*r, -5*n + 145 = 5*r. What is the units digit of n?
7
Let x(p) = -10*p**2 + p. Let l be x(1). Let v be 2*(3 - 2) + l. Let y = v + 11. What is the units digit of y?
4
Let i = 43 - 42. What is the units digit of i?
1
Suppose -8 = -4*a + 12. Suppose -5*h + a*n + 6 = 1, -2*n + 6 = 0. Suppose -d - 16 = -2*j + d, 0 = -j + h*d + 14. What is the units digit of j?
6
What is the units digit of 193/3 + 10/15?
5
Let y(t) = 8*t**3 - t**2 + 3*t - 2. Let o be y(3). Suppose u = -2, u + o = 4*i - 2*u. What is the units digit of i?
2
Let y = 11 + 22. What is the tens digit of y?
3
Let v = 438 - 243. What is the hundreds digit of v?
1
Let y(a) = a**2 + 9*a + 1. Let b be y(-8). Let q = 16 + b. Suppose -2*s - 4*n - 1 = -q, 3*n = -s + 4. What is the units digit of s?
4
What is the units digit of 15/(2 + 5/(-10))?
0
Suppose -n + 5*g = -9, -6*n + 2*n - 4*g - 12 = 0. Let c(v) = v - 1. Let r(u) = 6*u - 9. Let d(x) = n*r(x) + 5*c(x). What is the units digit of d(-7)?
1
Let u = 3 + -10. Let v = 4 - u. What is the units digit of v?
1
Suppose -4*d = 2*b - 6, -4*b + 3*d = 2*d + 24. Let j = b + 6. What is the units digit of j?
1
Suppose -x - 49 = s - 115, -s = 5*x - 318. Let g = 88 - x. What is the units digit of g?
5
Suppose 7*d = 403 - 109. What is the units digit of d?
2
Suppose -34 = -3*c + 11. Let n be ((-10)/3)/((-10)/c). Suppose 4*m - m = -3*v + 9, -v = n. What is the units digit of m?
8
Suppose -2*n + 2 = -2, -2*j + 3*n = 30. What is the tens digit of (j/9 + 1)*-114?
3
Let g(k) = -k**3 - 4*k**2 + 2*k + 3. Let y be g(-4). Let c be (y + 3 + -12)*-2. Suppose -i - 19 = -2*i + 2*t, -2*i - t + c = 0. What is the units digit of i?
5
Let p(b) = b**3 + 8*b**2 - 2*b + 6. Let l be p(-7). Let v = -32 + l. Suppose -12 = 5*w - v. What is the units digit of w?
5
Let u(h) = 5*h**2 - 3*h - 13. What is the units digit of u(8)?
3
Let m = 9 - 3. What is the units digit of m?
6
Suppose -3*c + 2 + 0 = 2*f, c = 4*f + 10. What is the units digit of c + 1 + (0 - -1)?
4
Let a(y) = -y**2 + 8*y + 3. Let u be a(6). Suppose -3*m + u = -0*m, 0 = 5*s - 2*m - 30. Suppose -3*p + s = 2. What is the units digit of p?
2
What is the tens digit of 764/6 - 12/36?
2
Let l(d) = -2*d + 43. What is the tens digit of l(0)?
4
Let n(d) = 40*d + 4. What is the units digit of n(5)?
4
Suppose 2 = -3*c - 4*g - 19, 3 = 2*c - 3*g. What is the units digit of (1 + -2)*9/c?
3
Suppose -3*w - 2*y + 11 = 0, 0*w + 3*y = -3*w + 12. Let q(m) = -m - 2. Let s be q(-1). Let a = w - s. What is the units digit of a?
4
Let q(k) = -6*k**2 + 5*k + 6 - k**3 + 0*k**2 - 2*k**2 - 15. What is the tens digit of q(-9)?
2
Suppose -2*x + 24 = -24. What is the units digit of x?
4
Suppose 2*y + 3*a - 136 = -a, -2*y - 5*a + 136 = 0. What is the tens digit of y?
6
Suppose 11 = -2*x + v + 4, 2*v = -6. Let i(s) = s**2 + 3*s - 4. What is the units digit of i(x)?
6
Let l = 75 - 8. What is the units digit of l?
7
Suppose -2*r - b + 94 = 0, -3*r + 3*b - 33 = -192. What is the units digit of r?
9
Let m(d) = -d**3 - 8*d**2 - 8*d - 2. Let j = -27 - -15. Let v = -19 - j. What is the units digit of m(v)?
5
Let x = -1 + 4. Suppose 3*u + 0*r = -5*r + 40, 0 = -x*u - 4*r + 35. What is the units digit of u?
5
Suppose -3*n + 3 + 6 = 0. Suppose 3*b - 3*z + 12 = -6, 3*b + 5*z = 22. Let f = n + b. What is the units digit of f?
2
Suppose -v + 15 = 4*v. What is the units digit of v?
3
Let a = 8 - -4. Suppose -2*z = -4*z + a. Suppose -3*h = -z*h + 18. What is the units digit of h?
6
Suppose -3*f + 2*f + 3 = 0. What is the units digit of f?
3
Suppose -3*c - 5*q = -2*q - 195, q + 61 = c. What is the units digit of c?
3
What is the hundreds digit of (-3)/(27/(-2778)) - (-3)/9?
3
Let h be ((-15)/6)/((-3)/6). Suppose -1 - 4 = -h*g. Suppose 4*s + g = 9. What is the units digit of s?
2
What is the units digit of 4/18 + (-640)/(-36)?
8
What is the hundreds digit of 14/4*584/14?
1
What is the hundreds digit of 262*(1 + 1 - 1)?
2
Suppose -5*f - 4*z + 8 = 0, z + 4*z + 23 = 2*f. Suppose 0 = f*u - 8 - 32. What is the units digit of u?
0
Suppose -a = -4*c + 96 + 693, -5*a - 417 = -2*c. What is the tens digit of c?
9
Suppose 5*o = 0, z - 40 = -z + 2*o. What is the units digit of z?
0
What is the tens digit of ((-48)/20)/(6/(-135))?
5
Suppose -23*m + 8*m + 1260 = 0. What is the units digit of m?
4
Suppose 7*w - 876 = 3*w - 5*i, w - 206 = 2*i. What is the tens digit of w?
1
Let q(n) = n**2 - 2*n + 36. What is the units digit of q(5)?
1
Let l = -8 - -8. Suppose l*a = -a + 2. What is the units digit of a?
2
Suppose 0 = 3*a - 4*a + 7. Let m = a + -2. Let i = m + 2. What is the units digit of i?
7
Suppose -6*d + 8 = -4*d. Suppose -o - 3*p - 2 = -9, d*o + p - 6 = 0. Let f(l) = 8*l**3 + 2*l**2 - 1. What is the units digit of f(o)?
9
What is the units digit of -2 - (-3)/(-6)*-62?
9
Let n = -19 - -9. What is the units digit of (-114)/(-10) + (-6)/n?
2
Let s = -56 + 78. What is the units digit of s?
2
What is the 